299 a prime number?
True
Is 4046227 composite?
True
Is 170427871 composite?
False
Is 3715373 composite?
False
Is 1658455 a composite number?
True
Is 65285789 composite?
False
Is 7674899 composite?
False
Is 49127249 a prime number?
False
Is 6206699 prime?
False
Is 19338441 prime?
False
Is 18256637 composite?
True
Is 62807663 a composite number?
False
Is 6894989 prime?
False
Is 9467441 a prime number?
True
Is 20121169 a prime number?
True
Is 460093 composite?
True
Is 589703771 a composite number?
False
Is 18044639 a prime number?
False
Is 52350797 prime?
False
Is 397509791 prime?
False
Is 1242061 a composite number?
False
Is 2629097 a prime number?
False
Is 802463 prime?
True
Is 8822797 a prime number?
True
Is 2766401 prime?
False
Is 621211 a prime number?
False
Is 110068363 a prime number?
False
Is 794293 a composite number?
True
Is 108348467 a composite number?
False
Is 2143877 a prime number?
True
Is 194591857 a prime number?
True
Is 96891611 a prime number?
True
Is 14346637 a prime number?
False
Is 1956007 a prime number?
False
Is 1429721 composite?
False
Is 44080889 prime?
True
Is 239929 prime?
True
Is 2702671 composite?
False
Is 15048749 a prime number?
True
Is 186804389 prime?
True
Is 26135315 a composite number?
True
Is 22480321 a composite number?
True
Is 4017133 composite?
True
Is 54073417 composite?
False
Is 758848609 a prime number?
True
Is 154007773 composite?
True
Is 3502357 a prime number?
False
Is 31296899 prime?
False
Is 3427891 a prime number?
True
Is 2012897 a prime number?
False
Is 856103 composite?
True
Is 78955607 composite?
False
Is 28438987 a composite number?
False
Is 223913707 a prime number?
True
Is 28612339 composite?
True
Is 52118909 prime?
True
Is 13880809 a prime number?
False
Is 52700861 composite?
False
Is 41532935 a prime number?
False
Is 13159603 a prime number?
True
Is 7037671 prime?
True
Is 245381107 prime?
True
Is 2530537 prime?
False
Is 917687 a prime number?
True
Is 101328463 composite?
True
Is 16666829 composite?
False
Is 4593847 a composite number?
False
Is 2168797 a composite number?
False
Is 43208353 a composite number?
False
Is 1439143 prime?
False
Is 6517963 a prime number?
True
Is 3356659 a composite number?
True
Is 1361777 a prime number?
True
Is 1243195 prime?
False
Is 65687599 composite?
False
Is 9158777 prime?
True
Is 501230623 composite?
False
Is 3229309 a prime number?
True
Is 258891973 a prime number?
True
Is 98942869 a composite number?
False
Is 121815641 prime?
True
Is 32661883 a prime number?
True
Is 9521153 a prime number?
True
Is 268722799 composite?
False
Is 13650783 a composite number?
True
Is 567283621 a composite number?
True
Is 115351711 composite?
False
Is 4609546 composite?
True
Is 264790333 composite?
False
Is 224668861 a prime number?
True
Is 1397615 a composite number?
True
Is 3100807 prime?
True
Is 69389135 a prime number?
False
Is 82438501 prime?
True
Is 84616489 a prime number?
True
Is 1528979 composite?
False
Is 7573463 composite?
True
Is 83844889 prime?
True
Is 13833581 a prime number?
True
Is 481206383 composite?
True
Is 24408299 composite?
False
Is 498060841 prime?
True
Is 3374821 a prime number?
True
Is 470027 composite?
True
Is 307582781 a composite number?
True
Is 469919 prime?
True
Is 29819927 a prime number?
False
Is 11202479 prime?
True
Is 41421073 a composite number?
True
Is 12979 a prime number?
True
Is 10476493 prime?
False
Is 45168749 a composite number?
True
Is 135505837 a prime number?
False
Is 15305 a composite number?
True
Is 106842629 a prime number?
True
Is 7666763 a composite number?
True
Is 372678061 prime?
False
Is 157970459 prime?
True
Is 297796637 prime?
False
Is 87307085 a prime number?
False
Is 1374929 composite?
False
Is 13491659 a prime number?
False
Is 536383597 composite?
False
Is 1337017 composite?
True
Is 936053 composite?
False
Is 5288471 prime?
True
Is 1467289 a composite number?
True
Is 94791639 a composite number?
True
Is 2101237 composite?
False
Is 13811305 a prime number?
False
Is 839567 prime?
False
Is 11115226 a composite number?
True
Is 52485557 a prime number?
True
Is 3715897 a composite number?
True
Is 34290359 prime?
True
Is 2369462 a prime number?
False
Is 632034893 composite?
True
Is 8060779 a prime number?
True
Is 67916867 a composite number?
True
Is 3241451 composite?
False
Is 125230019 composite?
False
Is 1606733 prime?
True
Is 21822517 a composite number?
False
Is 319583923 a prime number?
True
Is 72175039 a prime number?
True
Is 87326273 a prime number?
True
Is 7942303 composite?
False
Is 960286 a composite number?
True
Is 19094197 a composite number?
False
Is 8225497 composite?
True
Is 39852749 a composite number?
False
Is 10857059 prime?
True
Is 2586461353 a prime number?
False
Is 56686915 composite?
True
Is 13288603 composite?
False
Is 710329 a composite number?
True
Is 4037509 a prime number?
False
Is 17392811 composite?
False
Is 29967727 a prime number?
True
Is 428117 a prime number?
False
Is 76902619 composite?
True
Is 20731577 prime?
False
Is 8902199 prime?
True
Is 83888393 composite?
False
Is 72460181 prime?
False
Is 1286059 a prime number?
False
Is 121896097 a prime number?
True
Is 3063209 a prime number?
False
Is 20262133 a prime number?
True
Is 65702849 a prime number?
False
Is 233223203 a prime number?
False
Is 59472763 composite?
True
Is 43481617 a prime number?
True
Is 4810649 composite?
False
Is 6362477 a composite number?
True
Is 16930613 a prime number?
False
Is 144292705 a prime number?
False
Is 6053477 a composite number?
False
Is 5301383 prime?
True
Is 2142659 composite?
False
Is 22921103 a prime number?
True
Is 15124049 prime?
False
Is 13023761 prime?
True
Is 103324933 a prime number?
True
Is 41022799 composite?
False
Is 279653501 prime?
False
Is 70831381 a prime number?
True
Is 37708945 a composite number?
True
Is 2047879 composite?
False
Is 59536727 a composite number?
False
Is 3586217 composite?
False
Is 83760929 a prime number?
False
Is 26627323 a prime number?
True
Is 13187645 a prime number?
False
Is 5572317 prime?
False
Is 110440717 a prime number?
True
Is 80970947 prime?
True
Is 136432915 a composite number?
True
Is 16579643 prime?
True
Is 15695831 composite?
False
Is 11282941 composite?
True
Is 102590279 prime?
False
Is 264067 a prime number?
False
Is 125656679 a prime number?
True
Is 12842279 a prime number?
True
Is 77091917 composite?
True
Is 173251907 composite?
True
Is 5815149 prime?
False
Is 87530307 composite?
True
Is 65508901 a composite number?
True
Is 76005577 a composite number?
False
Is 18075563 a composite number?
True
Is 1460355317 prime?
True
Is 560899429 composite?
False
Is 174634103 prime?
False
Is 1019503 a prime number?
True
Is 28136723 prime?
False
Is 8564539 composite?
True
Is 26931539 a composite number?
False
Is 745151 prime?
False
Is 370008169 composite?
False
Is 52938223 a prime number?
False
Is 92536513 a composite number?
True
Is 38647097 a prime number?
True
Is 10700297 composite?
False
Is 7628561 prime?
True
Is 6466493 composite?
True
Is 1024511 composite?
False
Is 11425027 prime?
True
Is 9289705 a prime number?
False
Is 80280201 a composite number?
True
Is 122418073 composite?
False
Is 37800589 a composite number?
True
Is 339170911 composite?
False
Is 1362423 composite?
True
Is 12149057 composite?
True
Is 59310299 a prime number?
True
Is 506221 a prime number?
False
Is 126727 composite?
True
Is 17311669 prime?
False
Is 1509353 prime?
True
Is 792359 composite?
False
Is 1399723 composite?
True
Is 30663551 a composite number?
True
Is 70916719 a prime number?
False
Is 244573 a prime number?
False
Is 1507787 prime?
False
Is 620434951 prime?
True
Is 1215337 a composite number?
True
Is 29981407 composite?
False
Is 59575387 composite?
False
Is 53291929 a composite number?
False
Is 36675049 composite?
True
Is 3337093 composite?
True
Is 1183475461 a prime number?
False
Is 701 a composite number?
False
Is 8200271 prime?
True
Is 983373421 a prime number?
True
Is 454146587 a composite number?
False
Is 33296567 a prime number?
True
Is 30039491 composite?
False
Is 80272183 a prime number?
True
Is 411623 a prime number?
False
Is 5585933 composite?
False
Is 3263495 a prime number?
False
Is 569659 a prime number?
True
Is 248617 a composite number?
True
Is 31336043 a prime number